 207 and c.
9
Let w(j) = 202*j**2 + 337*j - 339. Let i be w(1). What is the greatest common divisor of 450 and i?
50
Let s be (-1 - 7)/((-16)/(-32)). Let w = -14 - s. Suppose -4*y - 2*m + 286 = 0, -w*y + m + 149 = -4*m. Calculate the greatest common factor of 36 and y.
36
Let q be 2412/84 + (-4)/(-14). Let c = q + -71. Let x be 4/(-14) - 1902/c. What is the highest common divisor of x and 9?
9
Suppose 108 + 24 = 4*f. Let o be 54/(-513) + (-17)/19. Let y(m) = -31*m - 20. Let l be y(o). What is the highest common divisor of f and l?
11
Let g be 1*(3 + (-12)/(-6)) + -3. Suppose g*x - 340 = -316. Calculate the highest common divisor of x and 12.
12
Suppose -3*b + 0*b = -129. Suppose -746 = 4*f - 754. Let a be b + (f + -3 - 3). What is the highest common divisor of 351 and a?
39
Suppose 34*h - 29*h - 65 = 0. Suppose h*y = -5*y + 1368. What is the highest common factor of y and 4?
4
Suppose -2*p = z - 0 + 3, 18 = 2*z - 4*p. Suppose -z*i + 6 = 0, -2*c - i - 4*i = -26. Calculate the highest common divisor of 12 and c.
4
Suppose 3*s + 48 = 5*s. Suppose 0 = -2*o - 6, 4*j - 243 = 50*o - 49*o. What is the greatest common factor of s and j?
12
Let z be -4 + 3 - (0 - 3459/3). Suppose 3*t + 15 = 2*y, -4*y - 2*t + 37 = -t. Calculate the greatest common factor of y and z.
9
Suppose 4*f + 19 = -2*j + 633, 2*j + 2 = 0. What is the highest common divisor of f and 319?
11
Let g(l) = -l**3 - 6*l**2 - 6. Let x(n) = -n - 16. Let b be x(-10). Let w be g(b). Let r be (0 + w)/(9/(-12)). Calculate the highest common divisor of 8 and r.
8
Let o be 9 + -8 - (-2 - -3). Suppose -j + 8 = -o*j. Let l(s) = -3*s - 14. Let f be l(-6). What is the highest common factor of f and j?
4
Let m(f) = 47*f - 61. Let n(a) = 22*a - 31. Let x(u) = -6*m(u) + 13*n(u). Let l be x(11). Calculate the greatest common factor of 469 and l.
7
Let n(c) = c**2 + 28*c - 27. Let o be n(-23). Let w = o - -153. What is the highest common factor of w and 33?
11
Let x be 796 - (4 + -5 + 13). Calculate the greatest common divisor of 280 and x.
56
Suppose -2*o = -19*o + 170. Suppose o*i = 5*i + 70. What is the greatest common divisor of i and 322?
14
Let t be 6 - (27 - 28 - 1/(-1)). Let y be ((-20)/3 - -3)*(-18)/t. Calculate the greatest common divisor of 550 and y.
11
Let i = 249 - -25. Suppose 21*o - i = 104. What is the highest common factor of 114 and o?
6
Let o = -23866 + 29751. What is the greatest common divisor of 963 and o?
107
Let r be 5 - (-4 - -450)*-1. Suppose -3*d = -r - 416. What is the highest common factor of 17 and d?
17
Suppose -7*j + 686 = 68 - 117. What is the highest common factor of j and 165?
15
Let f(u) = u**2 + 4*u + 65. Let d be f(-10). Let k be (-1)/((5/d)/1*-1). Suppose 2*x - 629 + 79 = 0. What is the highest common factor of k and x?
25
Suppose 0*s - s - 5 = 0, 5*y + 5 = -3*s. Let c be (-1)/y + (-1)/(-2) - -58. Calculate the greatest common divisor of 406 and c.
58
Let s be (12/24)/((-2)/(-36)). Suppose -y - 173 = -s*g + 4*g, y = 2. Suppose 2*c + v - 12 = 0, 4*v - 15 = -7. Calculate the highest common factor of c and g.
5
Suppose -5*z + 8 = 3*z. Suppose 3*u = 4*j + z, -6 - 5 = -u + 4*j. Let r(n) = -n**2 - 3*n + 12. Let x be r(u). What is the highest common factor of x and 14?
2
Let m(o) = -1390*o - 4536. Let z be m(-5). Calculate the greatest common factor of 1136 and z.
142
Suppose -17*h - 57 + 887 = -870. What is the highest common factor of 900 and h?
100
Suppose 0 = -4*w + 4 + 32. Let v(b) = 2*b - 17. Let z be v(w). Let q be -8*11*z/(-2). What is the highest common divisor of 4 and q?
4
Suppose -2*z = -149 - 39. Let g(a) = 28*a**3 - 4*a**2 + 7*a - 5. Let t be g(2). Suppose 0 = 9*o + t - 640. Calculate the highest common factor of o and z.
47
Let i(z) = z - 9. Let j be 156/21 - (-3)/(-7). Suppose -87 - 25 = -j*d. Let f be i(d). Calculate the highest common divisor of f and 56.
7
Let x be -626*2/(-4) + 42/6. What is the greatest common factor of 1880 and x?
40
Let o = 20 + 165. Let h = 225 - o. What is the greatest common factor of h and 1080?
40
Suppose 0 = -6*t + 123 + 111. Let p = 41 - t. Suppose -30 = -p*r - r. Calculate the highest common factor of 30 and r.
10
Let v(m) = 2*m**2 + 2*m - 9. Let c be v(-3). Suppose -c*f = -0*f - 159. Suppose 0 = 8*d - 919 - 353. Calculate the greatest common factor of f and d.
53
Suppose -17407 = -20*v - 3407. What is the greatest common divisor of 42 and v?
14
Let f(v) = -23 + v**2 - 12 + 1 + 1 - 4*v. Let r be f(14). Let t = r - -34. What is the greatest common divisor of 47 and t?
47
Suppose k + 54013 + 81227 = 43*k. Calculate the highest common factor of 175 and k.
35
Let a(n) = n**2 + n - 3. Let u be a(-9). Let v = 330 - u. What is the greatest common divisor of v and 9?
9
Let n be ((3/4)/(-1))/((-12)/64). Suppose n*o - 3*s = 53, 2*o - 4*s - 11 - 23 = 0. Calculate the highest common factor of o and 77.
11
Suppose 12*q + 88 = 14*q. Let z be (-3 - -5)*(-75)/(-6). Let g be ((-210)/z)/(3/(-110)). Calculate the greatest common divisor of g and q.
44
Suppose -q + 4*n - 372 = -0*n, n = -2. Let j = q + 405. Calculate the highest common divisor of 40 and j.
5
Let u = 19 - 8. Let n be u - -2*3/6. Let a be (45/n)/(3/16). What is the highest common factor of a and 5?
5
Suppose -171 = -5*c - 6. Let r be 3*(-3)/(-15) - 1344/(-35). Let d be 2*4 + r/13. What is the greatest common divisor of d and c?
11
Suppose 37*v = 173*v + 94395 - 1295547. What is the highest common divisor of v and 24?
24
Let h(r) = -2*r**3 - 9*r**2 + 17*r + 12. Let j be h(-6). Calculate the greatest common divisor of j and 10314.
18
Let y(j) = j**3 + 7*j**2 - 9*j - 4. Let s be y(-8). Suppose -s*q + 395 = 11. Let d = 105 - q. What is the greatest common factor of 27 and d?
9
Suppose -l - 246 = 4*l + 3*z, 2*l - 3*z = -90. Let n be (5/4)/((-2)/l). Let q = -67 - -77. Calculate the highest common factor of q and n.
10
Let x(l) = 2*l**3 - 29*l**2 - 42*l - 40. Let k be x(16). What is the greatest common factor of k and 296?
8
Let v(p) = -161*p + 5632. Let i be v(32). What is the greatest common factor of 525 and i?
15
Let z = 13499 - 13467. What is the greatest common factor of z and 326?
2
Suppose l + 2*i = 267, l - 5*l = 3*i - 1093. Suppose l = -4*v + 1213. What is the greatest common divisor of v and 18?
18
Let g = 3430 + 186. What is the greatest common factor of g and 64?
32
Let p(n) = -2*n**3 + 3*n - 10. Let g be p(-6). Let t be (g/8)/((-6)/12). Let f = 119 + t. Calculate the highest common factor of f and 90.
18
Suppose 0 = -5*c - 226 + 76. Let a be 184/10 + 12/c. Let h be (-1)/(-1)*(13 + 16/(-4)). Calculate the highest common divisor of a and h.
9
Suppose 5*x - 120 = -0*x. Let s = x - 10. Suppose -7*c + 3*c - 82 = -2*l, 4*c - 261 = -5*l. Calculate the highest common factor of s and l.
7
Suppose a + 2*a - 296 = q, q + 395 = 4*a. Let l(x) = -5*x - 209. Let c be l(-44). What is the highest common factor of c and a?
11
Suppose 2*k - 4*y = 0, 0 = -2*k - 2*k + 3*y + 5. Let q be k - (1 + 5 - 9). What is the highest common divisor of 125 and q?
5
Let h be (104 - 118) + (83 - 1). Calculate the greatest common divisor of h and 17.
17
Let x(k) = -3*k - 34. Let g be x(-12). Suppose -113 = -5*u - 4*l, 4*u - g*l - 43 = 37. What is the highest common factor of u and 21?
21
Let b = 1814 - 1792. Calculate the greatest common factor of 1903 and b.
11
Let p(o) = 153*o**2 - 117 - 80*o**2 - 74*o**2 + 31*o. Let q be p(26). What is the greatest common factor of q and 1?
1
Suppose -5*d + 9742 = -1318*f + 1316*f, 4*d - 7812 = -3*f. What is the highest common divisor of 741 and d?
39
Let m = -4378 + 4396. Suppose 4*p + 2 = -10. Let u = m + p. What is the highest common factor of u and 5?
5
Suppose -5*s = 5*g - 690, -714 = -5*s - 179*g + 177*g. Calculate the greatest common divisor of 5329 and s.
73
Let d(z) = 7*z**2 + 2*z - 2. Let u be d(-2). Suppose 30927 = 479*b - 11225. Calculate the greatest common factor of u and b.
22
Let m(w) = -w**2 - 11*w - 25. Let i be m(-7). Suppose -16*h = -i*h - 585. Calculate the greatest common factor of 40 and h.
5
Let h = 18 + -10. Suppose h*l + 2*l = -1200. Let x = -103 - l. What is the greatest common factor of 34 and x?
17
Let v(p) = -p**3 + 8*p**2 + 13*p - 30. Let a be v(9). Suppose -371 = -5*u - h, u + 379 = a*u - h. What is the greatest common divisor of u and 50